 the remainder when f is divided by q(1).
5
Suppose t + a = 113, a + 5 - 1 = 0. Let s = t + -80. What is the remainder when s + 1 - (-7 - -5) is divided by 14?
12
Let g(n) = -n**3 + 6*n**2 - 2*n - 7. Let h be g(5). Let q = 10 + h. What is the remainder when 53 is divided by q?
17
Let p = -210 - -248. Let l(b) = -b**3 - 4*b**2 - 2*b + 4. Let s be l(-3). What is the remainder when p is divided by s/(-3) + 80/6?
12
Suppose 0*r = -2*r + 90. Suppose 10*g + 56 = 216. Calculate the remainder when r is divided by g.
13
Let r be (1 + -7)/((-3)/(-28)). Let m = r - -138. What is the remainder when m is divided by 21?
19
Suppose 2 = -4*b + 450. What is the remainder when b is divided by 29?
25
Let g = -97 + 151. What is the remainder when g is divided by 14?
12
Suppose i = -0*i + 27. Calculate the remainder when i is divided by 7.
6
Let a(s) = 16*s**2 - s. Let z be a(-1). Suppose 5*h + z - 62 = 5*j, -3*h = -4*j - 23. What is the remainder when 38 is divided by h?
12
Suppose -6*w + 15 = -w. Calculate the remainder when 8 is divided by w.
2
Let p(z) = -z**3 - 5*z**2 + 4*z + 5. Let b = 10 - 16. What is the remainder when 49 is divided by p(b)?
15
What is the remainder when 87 is divided by 33*(-6)/36*(-16)/2?
43
Let d(i) = i**2 + 4*i - 6. Let m be d(-8). Suppose -6*z = -4*z - m. Calculate the remainder when 50 is divided by z.
11
Let o(i) = 2*i**2 + 8*i - 1. What is the remainder when o(-6) is divided by (-1)/((-2)/32) + (-1 - 2)?
10
Suppose 0 = 4*c - 3*a + 196, -2*a - 46 + 146 = -2*c. Let x = c + 93. Suppose -19 = -3*l + 17. What is the remainder when x is divided by l?
11
Suppose -5*k + 341 = 6*k. What is the remainder when 61 is divided by k?
30
Suppose 0*z + 5*z - 30 = 0. Let j be (4 + -1)*1*18. Suppose u + 5*r = 2*r + 14, 3*r + j = 3*u. What is the remainder when u is divided by z?
5
Calculate the remainder when 47 is divided by 6 - 4 - 12/(-3).
5
Let v(s) = s**2 - 4*s - 8. Let d(a) = 16*a - 2. Let b be d(6). Suppose 3*t - 4*w = b, w = -0*t - 3*t + 119. Calculate the remainder when t is divided by v(7).
12
Let s = 89 + -53. What is the remainder when s is divided by 19?
17
Let i(u) = -31*u - 3. Let g(a) = 1271*a + 124. Let v(n) = 3*g(n) + 124*i(n). Suppose 4*y - 2*y = -2. Calculate the remainder when v(y) is divided by 11.
9
Let k = -10 - -85. Suppose 5*c - 148 = -y - 0*y, -3*c + 4*y = -k. Calculate the remainder when c is divided by 15.
14
Suppose -w + 2*w = 0. Suppose w = -5*c + 10 + 15, -z = -c - 50. Calculate the remainder when z is divided by 19.
17
Suppose -3*k = -3*l + 153, 194 = 4*l + 4*k - 2. Let m be ((-2)/(-4))/((-3)/(-12)). Suppose 20 = -m*j + l. What is the remainder when 44 is divided by j?
14
What is the remainder when 157/2 + 2/12*-3 is divided by (-178)/(-9) + (-2)/(-9)?
18
Suppose o - 45 = 5*q - 15, 3*o - 2*q - 51 = 0. Calculate the remainder when o is divided by (-18)/(-2)*(-4)/(-6).
3
Suppose -30 = 5*d - 8*d. Calculate the remainder when 89 is divided by d.
9
Let m(h) = -3 + 7*h + 4*h + 3. What is the remainder when m(3) is divided by 17?
16
Let j be (-1)/(((-2)/24)/1). Suppose -5*g + 3*g + j = 0. What is the remainder when 17 is divided by g?
5
Suppose 0 = -4*z - u + 56, -2*u + 3 = -2*z + 21. Suppose -3*s = v - 18, -14 = -4*s + v + v. What is the remainder when z is divided by s?
3
What is the remainder when ((-3)/(-6))/(2/68) is divided by 6?
5
Suppose -q - 5*j = -27, 3*j - 235 = -5*q - 2*j. Calculate the remainder when q is divided by 11.
8
Calculate the remainder when 24 is divided by ((-12)/(-10))/(12/150).
9
Let m(g) = -g**2 - 9*g - 6. Let u be m(-9). Calculate the remainder when 14 is divided by 3/((-3)/(-2)) - u.
6
Let z = -100 + 144. Let o = z + -24. Calculate the remainder when o is divided by 7.
6
Let a = 16 - 26. Let l = a + 12. What is the remainder when 7 is divided by 0 + 1 + l + 0?
1
Let l = -79 + 119. Calculate the remainder when l is divided by (-4)/(-6)*3*7.
12
Let r = 10 + -16. Let g(t) = -t**2 - 6*t + 4. Let c = 17 + -10. Calculate the remainder when c is divided by g(r).
3
Suppose -3*v + 5*v = -j + 12, 5*v = 3*j - 25. Suppose 2*t - 10 = j. Calculate the remainder when 19 is divided by t.
9
Let l(v) = v**2 + 8*v + 1. Calculate the remainder when 3 is divided by l(-8).
0
Let b(c) = -c**3 - 10*c**2 - 16*c + 1. What is the remainder when b(-8) is divided by 1?
0
Let q be -2 + (-6 - (-2 + 4)). Let d be 4/q + (-6)/(-15). Suppose 2*u + 0*u - 160 = d. What is the remainder when u is divided by 27?
26
Let u = -4 + 23. What is the remainder when 245 is divided by u?
17
Let u(p) = -p**3 - p**2 + 6*p + 3. Calculate the remainder when 78 is divided by u(-4).
24
Calculate the remainder when 3 is divided by 3*8/6 - 2.
1
Let x = 230 + -216. Calculate the remainder when 1/(-3)*5*-24 is divided by x.
12
Suppose -35 = -3*c + 13. What is the remainder when (4/(-6))/(4/(-186)) is divided by c?
15
Let f = -4 + 6. Suppose -5*k = -9 - 1, 0 = f*p - k + 2. Suppose 0 = -3*z - 5*q + 68, p*q - 74 = -3*z - 2*q. Calculate the remainder when 51 is divided by z.
25
Let d(f) = f**3 - 12*f**2 - 10*f - 14. Calculate the remainder when d(13) is divided by 7.
4
Suppose 4*r - 434 = -5*z, 4*z + 0*z = -r + 114. Calculate the remainder when r is divided by 37.
32
What is the remainder when 12 is divided by 16/(-4) - (-11 + 0)?
5
Suppose 39 = -6*w + 69. Let h be (-2)/(-4) - (-21)/6. Let g = 9 + h. Calculate the remainder when g is divided by w.
3
Let w(y) = 2*y + 2*y - 6*y. Let u be w(-2). Suppose u*a - 101 = -13. Calculate the remainder when a is divided by 12.
10
Let x = -15 + 26. Let z(p) = p - 8. Let f be z(x). Suppose 0 = 4*v, f*m = 2*v + v + 21. Calculate the remainder when 27 is divided by m.
6
Suppose 71 = 3*g + 20. What is the remainder when 48 is divided by g?
14
Suppose 5*h + u - 101 = 5*u, 0 = -h + 2*u + 19. Calculate the remainder when 103 is divided by h.
19
Let d(u) = -4 - 2*u + 8*u**2 - u**3 + 4*u + 9. Suppose -3*w = 4*a - 32, -2*a + 0 = -5*w - 42. Calculate the remainder when d(8) is divided by a.
10
Let s be (-3 - -2 - 2) + -6. Let b = 26 + s. What is the remainder when b is divided by 5?
2
Suppose 2*c - 21 = 21. Let b = 0 + 1. What is the remainder when b*61 + 0/(-4) is divided by c?
19
Let c(t) = t**3 + t**2 + 62. Let v be (-1)/2 - 2/(-4). Calculate the remainder when c(v) is divided by 21.
20
Let i(v) = -3*v + 3. Let p be i(3). What is the remainder when 27 is divided by -2*(-3)/p + 15?
13
Let w = -30 - -74. Calculate the remainder when w is divided by 9.
8
Suppose 0 = 4*l - 2*l - 42. Calculate the remainder when 61 is divided by l.
19
Suppose 3*c = y - 5*y + 32, -21 = -y - 4*c. Calculate the remainder when 18 is divided by y.
3
Let v be -3 + (-2 - 1) + 71. Let d(l) = l**2 - 4*l + 5. Let x be d(4). Suppose x*k = -0*k + v. Calculate the remainder when 38 is divided by k.
12
Suppose -65 = 3*l + 22. Let y = 44 + l. Let g = -1 - -7. Calculate the remainder when y is divided by g.
3
Let t = 5 + 6. Let u = -11 + 31. Calculate the remainder when u is divided by t.
9
Let x(c) = -c**3 - 3*c**2 - 7*c - 6. Calculate the remainder when 43 is divided by x(-3).
13
Let a be 56/32 - (-2)/8. Suppose 0 = -o + a*m, -2*o = -o - 3*m + 5. What is the remainder when 17 is divided by o?
7
Suppose 30 = d - 4*a, -3*a = 3*d - 7*a - 50. Calculate the remainder when 24 is divided by d.
4
Let k = -16 - -10. What is the remainder when 40/(k/(-4) - 1) is divided by 27?
26
Let f(u) = -6*u**3 + u**2 - 3*u - 3. Let s be f(-2). Suppose 0 = 4*o + o - s. Calculate the remainder when o is divided by 3.
2
Let i = 16 - 10. Calculate the remainder when i is divided by ((-8)/14)/((-10)/35).
0
Let r = 33 + -8. Let u(f) = -8*f**3 + 2*f**2 + 2*f + 1. What is the remainder when r is divided by u(-1)?
7
Let k = 86 + -54. What is the remainder when k is divided by 11?
10
Let q(r) = -r**3 + 11*r**2 - 10*r + 12. Let w be (-3)/(-9) + (-87)/(-9). What is the remainder when 23 is divided by q(w)?
11
Let i(c) = 38*c**2 + c + 2. Calculate the remainder when i(-1) is divided by 14.
11
Suppose 12 = 5*r - 2*r. Suppose -2*s - b = r*b - 56, 3*s - 3*b = 105. What is the remainder when s is divided by 17?
16
What is the remainder when 88 is divided by 19*(-1)/5*-5?
12
Suppose 0 = -3*c + 5*c - 68. Calculate the remainder when c is divided by 5.
4
Suppose 2*l - 2*y = 76, -3*l + 4*y + 65 + 45 